factor of 225 and r?
45
Let v(l) = -116*l - 11. Let f be v(-1). Suppose n - 2*n = -f. Calculate the highest common factor of n and 15.
15
Let z = -10586 + 13958. Calculate the highest common divisor of z and 24.
12
Suppose -103*m = -82*m - 699 - 981. What is the highest common factor of m and 1210?
10
Let y(p) = -13*p + 468. Let x be y(34). What is the highest common factor of x and 65?
13
Suppose -254 = -2*p - k, -221*p + k - 514 = -225*p. Calculate the greatest common factor of p and 11245.
65
Let y = 474 - 393. What is the greatest common factor of 297 and y?
27
Suppose 0 = 3*m, -3*x - m - 5 = -8*x. Let b(h) = 44*h - 4. Let j be b(x). Suppose -5*d = -j - 20. Calculate the highest common factor of d and 30.
6
Let l be 11 + 3/(3*2/8). Let a(r) = r**3 + r**2 + r + 1. Let x be a(-1). Suppose x = 5*v - 969 + 294. Calculate the highest common divisor of v and l.
15
Suppose 9*b - 7*b = 12. Suppose -b*s - 3 = -141. What is the highest common factor of s and 1?
1
Suppose -2*n = 3*n - 200. Suppose 4*y = 3*l + 2080, 0 = 4*y - 2584*l + 2585*l - 2080. What is the greatest common divisor of n and y?
40
Suppose -3*y + 176 = -y. Suppose -2*l + y = 6*l. Suppose l = 2*n + 3. Calculate the greatest common factor of 1 and n.
1
Let j(u) = -49*u**2 - 27*u + 20. Let m(a) = 16*a**2 + 9*a - 7. Let c(g) = 2*j(g) + 7*m(g). Let t be c(1). What is the greatest common factor of 35 and t?
7
Let q(k) = -78*k + 22*k + 25*k - 26 + 22*k. Let h be q(-8). Suppose -10 = r - h. What is the greatest common factor of 72 and r?
36
Suppose -2*o - 942 = -5*x - 32, -2*x = 4*o - 364. Suppose -5*d - 97 + 357 = 0. What is the highest common divisor of x and d?
26
Suppose 3*m = -3*x + 13647, 5*x - 48*m = -52*m + 22740. Calculate the highest common divisor of 142 and x.
142
Let p = 275 + -175. Suppose 22*i = 26*i - 552. Suppose -4*n = i - 298. What is the greatest common divisor of p and n?
20
Let f(a) = -a**3 + 75*a**2 + 49*a - 2843. Let s be f(75). Calculate the highest common factor of s and 4264.
104
Let g = -23734 + 23806. Calculate the greatest common divisor of g and 12492.
36
Suppose 3*r = -0*r. Suppose r = m - 2*f - 38, 3*m + 4*f - 74 = -0*f. Let x be 3/(7/(-10) + 1/1). Calculate the greatest common divisor of x and m.
10
Let t = -8914 - -9103. Let p(l) = -55*l**3 - 2*l**2 - 2*l - 1. Let z be p(-1). What is the highest common divisor of t and z?
27
Suppose 791 = 43*i - 5014. Let d(j) = -8*j - 7. Let w be d(-5). Let x = -6 + w. Calculate the highest common factor of i and x.
27
Let g = 486 - 439. Suppose 2 = -5*p + g. Suppose 2*q - 45 = -r, 4*q - 8 = -r + 37. Calculate the greatest common divisor of p and r.
9
Suppose -328 = -4*y - 2*r, -2*r + 15 = 7. Suppose -5*p - 3*b + 65 = 0, p - 4*p = -2*b - 20. What is the greatest common divisor of y and p?
10
Let w be (-142)/(-568) + 2435/4. What is the highest common factor of 58 and w?
29
Suppose 5*a + 2*w - 815 - 1095 = 0, 0 = 3*a - 3*w - 1167. Let j be a/30*35/14. Suppose 0*b - 80 = -b. What is the highest common factor of j and b?
16
Let k(u) = 15*u + 557. Let f be k(-11). Calculate the greatest common divisor of 238 and f.
14
Let j = 157572 + -157566. Let r = 152 - 65. What is the greatest common factor of r and j?
3
Let k = -12793 + 12839. Calculate the greatest common factor of k and 9591.
23
Suppose -4*k = 4*w - 20, -60 = -5*w - 7*k + 9*k. Suppose -w*f = -691 - 269. Calculate the greatest common divisor of 6 and f.
6
Let y = 207736 - 207694. Suppose 0 = -4*p + 38 + 18. Calculate the highest common factor of y and p.
14
Suppose -297 = 2*u - 1557. Calculate the highest common divisor of 1190 and u.
70
Suppose 1539 = 118*s - 7075. What is the greatest common factor of s and 584?
73
Let q be (-3 - -4)/(3405/(-3420) + 1). Calculate the highest common divisor of 5548 and q.
76
Let c = -5 - -5. Suppose c = -g + 401 + 615. Suppose 4*h = 9*h - 4*u - g, 5*u - 580 = -3*h. Calculate the highest common factor of h and 25.
25
Let r = 30266 - 29289. Calculate the greatest common factor of r and 2.
1
Let a(y) = -y**2 - 7*y + 17. Let i be (1 + 3)*(-21)/14. Let f be a(i). Let h be -2 - -1 - (-164 - -2). What is the highest common factor of h and f?
23
Suppose -5*b = 2061 - 271. Let i be b/(-12) - (-3)/18. Let t(m) = m**3 + m**2 - m + 6. Let s be t(0). What is the highest common factor of s and i?
6
Let j(i) = i**3 + 66*i**2 - 552*i + 18. Let c be j(8). Suppose 4*g + 2*h - 100 = 0, 6*h + 84 = 3*g + 3*h. What is the greatest common divisor of c and g?
26
Let s = 351 - 385. Let m be (25/2*1)/((-1)/s). What is the greatest common divisor of 51 and m?
17
Let u = 182 - 86. Suppose 360336 = 2523*q - 184632. Calculate the greatest common divisor of q and u.
24
Let b(h) = h + 9. Let w be b(-4). Let z = -364 - -360. Let f(y) = -21*y - 79. Let j be f(z). What is the highest common divisor of w and j?
5
Let o = 39282 - 38906. What is the highest common divisor of 392 and o?
8
Suppose -139*w + 10500 = -129*w. Suppose -w - 174 = -8*g. What is the greatest common divisor of g and 17?
17
Let q = -10394 - -10406. What is the greatest common divisor of q and 7224?
12
Suppose 16 = -4*z, 2*z = 3*w + 6*z - 1310. Suppose -w = 65*b - 1612. What is the highest common divisor of b and 99?
9
Suppose 1 = 6*o + 1141. Let c = -276 - o. Let r = c + 166. What is the greatest common factor of 20 and r?
20
Let p(g) = -g**2 + 7*g - 4. Let b be p(5). Let x(f) = -f**2 + 6*f + 9. Let s be x(6). What is the greatest common factor of s and b?
3
Suppose 3608045 + 1185280 = 223*o - 123379. What is the highest common factor of o and 13?
13
Let u = 121 - 69. Suppose 3718 = -4*s + 17*s. Calculate the greatest common factor of s and u.
26
Let x(p) = -2*p**2 - 79*p + 574. Let i be x(0). Calculate the greatest common factor of 328 and i.
82
Let k be 51 - (5 + 5 + -6). Let j = 3755 - 3520. What is the greatest common divisor of k and j?
47
Let x be 4/(-6) + 912/18. Suppose -3*c = -4*w + 509, 0 = -7*w + 5*w + 8*c + 274. Calculate the greatest common factor of w and x.
25
Let s be (-52)/(-117)*1504 + 20/(-45). What is the greatest common factor of 24 and s?
4
Let c be (15 - 43)*((-8)/28)/1 - -16. What is the greatest common divisor of c and 708?
12
Let h(k) = -k + 33. Let z be h(10). Let x = 368 - z. What is the highest common divisor of 15 and x?
15
Let z(f) = 23*f**2 - f + 1. Let l be z(-5). Suppose -2*c + 0*c + 5*k = -271, 0 = 4*c + 3*k - l. Calculate the greatest common divisor of 22 and c.
11
Suppose -2*s + 5*a = -77 - 16, 2*s - a - 73 = 0. Suppose 109*t - 111*t - 2 = -1158. Calculate the greatest common divisor of s and t.
34
Suppose y - 3*i = -1040 + 2946, -2*y + 2*i = -3816. Calculate the greatest common divisor of 69 and y.
23
Suppose 3*o = 0, 0 = n + 4*o - 81 - 40. Suppose -5*g - 99 = 2*h, 5*g = g - 3*h - 75. Let r = g + n. Calculate the greatest common divisor of 20 and r.
20
Let k = 1791 + -1204. Calculate the highest common factor of 3 and k.
1
Suppose -3*q - 3*x = -189, -4*q + 32 = 2*x - 210. What is the highest common divisor of 2610 and q?
58
Let h(r) = r**3 + 29*r**2 + 10*r + 234. Let c be h(-28). What is the highest common factor of c and 63?
9
Let a(x) = -22*x + 7. Let u be a(-10). Suppose u = -2*z + 5*c + 14, 3*z + c = -277. Let p = z + 172. What is the highest common divisor of 52 and p?
26
Suppose -1617 = -6*l + 1827. Let m be (l/35)/((-2)/(-10)). Let o = m + -77. Calculate the highest common factor of o and 5.
5
Let j be (59 - (-450)/(-18)) + (-7 - 2/(-2)). Calculate the greatest common factor of j and 7532.
28
Let l be 60/(-130) - 50772/(-156). What is the greatest common factor of 78 and l?
13
Suppose -232 = -4*a - 52. Suppose -20 = -3*h - 4*n, 4*h - a = -h + 5*n. Let i be 21 + (34 - 255/17). Calculate the highest common factor of i and h.
8
Let j = -4462 + 4479. Calculate the highest common divisor of 12359 and j.
17
Let a = 810 + -823. Let f(o) = -o**3 - 9*o**2 + 40*o - 26. Let w be f(a). What is the greatest common divisor of w and 52?
26
Suppose -10846*l + 10855*l - 900 = 0. Let a be (8/6)/((-1)/(-15)). Calculate the greatest common divisor of a and l.
20
Let f(u) = -152*u - 3029. Let j be f(-48). What is the greatest common divisor of j and 51?
17
Let x(w) = -w**3 - 6*w**2 + 16*w + 3. Let z be x(2). Suppose -3*y + 212 = 2*l + 3*l, 0 = z*y - 12. Calculate the highe